ctor of n and i.
6
Suppose -5*b + 2*j + 3*j = -445, -4*j = 2*b - 190. Let o = 129 + -122. Calculate the greatest common factor of o and b.
7
Let i be ((-8)/3)/((-4)/(-12)). Let s be (-22)/i - 9/12. Let k be (-252)/(-30)*10/s. Calculate the greatest common divisor of k and 6.
6
Let n = -22 + 25. Suppose n*d - 48 = 30. Calculate the greatest common divisor of 13 and d.
13
Let g(x) = -x**3 + 5*x**2 - x + 18. Let y be g(-8). Calculate the greatest common factor of 6 and y.
6
Suppose -4*k + 60 = 2*s - 34, -s = -2*k + 41. Suppose 4*w - 8 + 0 = 0. What is the highest common divisor of w and k?
2
Let d(v) = v**2 + 3*v - 6. Let x be d(-5). Let k be ((-63)/(-18))/(2/x). Suppose -6 = 4*t - k*t. Calculate the highest common factor of 14 and t.
2
Let h = 838 - 774. Calculate the highest common divisor of 128 and h.
64
Let q(v) = -14*v - 396. Let t be q(-29). Let s(h) = 9*h + 2. Let a be s(2). Calculate the greatest common divisor of t and a.
10
Let b = 4 - 0. Suppose -31 + 255 = b*f. Let y(m) = -2*m**3 - 10*m**2 - 9*m + 3. Let z be y(-4). What is the highest common divisor of z and f?
7
Suppose -5*g + 21 = -24. Let f = g + -7. Calculate the highest common divisor of 14 and f.
2
Suppose 3*d - 887 = -b, -2*b + 341 + 253 = 2*d. What is the greatest common divisor of d and 10?
5
Suppose m + m = 2*y - 46, -y - 2 = 0. Let a = m - -31. Let c be (16/(-20))/(a/(-15)). Calculate the highest common divisor of 10 and c.
2
Let a be ((-2)/3)/((-2)/114). Let v be 192/8*((-24)/16 - (-141)/18). What is the highest common divisor of a and v?
38
Let n be 2/((-7)/3 + 2). Let k(c) = c**3 + 5*c**2 - 7*c - 5. Let m be k(n). Let y be -1 + m + -2 - -17. What is the highest common factor of 45 and y?
15
Suppose -3*a + 2*f + 64 = 0, -3*a + f - 25 = -84. What is the highest common factor of a and 42?
6
Let c(d) = -d**3 + 8*d**2 - 8*d + 4. Let l be c(5). Let p = 42 + -27. Suppose -p = -5*i, 5*u - 5*i - 59 = -3*i. Calculate the highest common factor of l and u.
13
Let o be (4/10)/((-4)/(-40)). Suppose 2*t - 2*l = 2, o*t + 2*l = 5*l + 8. Suppose j + 52 = t*j. Calculate the greatest common divisor of j and 104.
13
Suppose -1307*b = -1303*b - 992. Calculate the greatest common factor of b and 217.
31
Suppose 7 - 13 = -3*x. Suppose -x*o = -o - 96. Calculate the greatest common divisor of o and 12.
12
Suppose 75 = -4*i - 29. Let x = -21 - i. Suppose -x*b = -42 - 8. Calculate the highest common divisor of 40 and b.
10
Let n(h) = -h**2 - 17*h + 62. Let s be n(-18). What is the greatest common divisor of 22 and s?
22
Suppose 0 = -7*s + 10*s - 69. Suppose 0 = 5*r + 5*u - 25 - 70, 73 = 3*r - u. What is the greatest common divisor of r and s?
23
Let v = -31 + 34. Suppose 0 = -d - h - v*h + 6, 3*d + 4*h = 50. Calculate the highest common factor of 77 and d.
11
Let q = -3313 + 3337. Suppose 0 = -2*p + 6 + 38. Suppose 4*t = -5*l + p, -3*l - 4 + 1 = -3*t. Calculate the highest common factor of q and t.
3
Let m(u) = 8*u - 3. Let k be m(3). Suppose 5*o - 41 = -3*l, o - 4*l = 6*o - 43. What is the greatest common factor of o and k?
7
Let a be 6/(-9)*36/(-8). Suppose -b - a*q = -0*b - 20, -2*q = 4*b - 80. Calculate the greatest common factor of 15 and b.
5
Suppose -2*f = -4, -5*y - f = -3*f - 371. Let g be 16/(-40)*(-2)/(2/y). What is the greatest common divisor of 12 and g?
6
Let i(m) = -2 + 3*m - 2*m - 3*m + m. Let z be i(-4). Suppose -z*u = u - 33. Calculate the greatest common factor of 11 and u.
11
Suppose -17 = -5*s + 288. Let w = s - 23. Calculate the highest common divisor of 152 and w.
38
Suppose 0*b = -3*j - 2*b + 1442, 4*j = -b + 1931. What is the greatest common factor of 88 and j?
44
Let a = -35 - -19. Suppose -3*v - 2*n + 159 = 2*v, 4*n - 39 = -v. Let l = v + a. What is the greatest common factor of l and 105?
15
Let t be -6 - (-3 - (4 + -8) - 441). What is the highest common factor of t and 42?
14
Suppose -98*o + 1365 = -497. Calculate the highest common divisor of 304 and o.
19
Let s(f) = -4 - 3 - 42*f + 44*f. Let t be s(4). Calculate the greatest common divisor of 7 and t.
1
Let w(j) = -j**2 - j. Let p be w(-1). Suppose p*u + 340 = 2*u. What is the greatest common factor of 68 and u?
34
Suppose 87 = 52*f - 537. What is the highest common factor of 768 and f?
12
Suppose -a - 3*a + 16 = 0. Suppose 0 = -4*c + 4*i + 8, -a*i + 28 = 2*c + 3*c. Suppose 0 = c*r - 0*r - 648. Calculate the greatest common divisor of 18 and r.
18
Suppose -2*a = -2*s + 650, -17*s + 4*a - 1010 = -20*s. What is the highest common factor of 120 and s?
30
Let u(s) = 4*s + 11*s**2 + 10 - s**3 + 0*s**2 - 6*s - 4*s**2. Let y be u(7). Let t = 4 - y. What is the highest common divisor of 12 and t?
4
Suppose 23 + 40 = 9*j. Calculate the highest common factor of j and 189.
7
Suppose -5*x = 5*j - 0*x - 95, 73 = 4*j + x. Suppose -6*h + 18 + 6 = 0. Suppose h*n = 69 - 21. What is the greatest common divisor of j and n?
6
Suppose 5*i - 3*l - 890 = 0, 5*l + 12 + 13 = 0. Calculate the highest common factor of i and 70.
35
Let s be (-50)/40 - 946/(-8). Calculate the greatest common divisor of s and 65.
13
Let g be (-2)/8 - 802/(-8). Suppose -46*j - 65 = -985. What is the highest common factor of j and g?
20
Suppose 104*w - 79*w - 100 = 0. Let v be -3*-2*1/2. Let f be 1/v - 11/(-3). Calculate the highest common factor of f and w.
4
Suppose -p = 5*v - 4*p - 9, 0 = 4*v - 3*p - 9. Suppose i - 35 - 29 = v. Calculate the greatest common factor of 8 and i.
8
Suppose -6*q + 167 = -5*q. Suppose -13*k + q - 24 = 0. What is the highest common divisor of 55 and k?
11
Suppose 21 = 7*j + 84. Let o(k) = -k**2 - 10*k + 19. Let m be o(j). Calculate the greatest common factor of 4 and m.
4
Let i(j) = -18*j + 51. Let f be i(2). Calculate the highest common divisor of 15 and f.
15
Let d = 1032 + -1017. What is the greatest common divisor of d and 195?
15
Suppose 5*b = -2*m + 35, 4*m - 4*b = 89 + 51. Let u be (4 + -3 + -11)*9/(-15). Calculate the greatest common divisor of u and m.
6
Suppose 3*h - 11 = 2*h. Let r be (-10)/(-4) + (-13)/26. Let t = r + 86. Calculate the highest common divisor of t and h.
11
Let q(n) = n + 2. Let k be q(4). Let h = k + -6. Let z = 23 + h. Calculate the greatest common factor of z and 161.
23
Suppose 3*f - 14 = -5. Let d be 1/((f + -6)/(-27)). What is the greatest common divisor of 9 and d?
9
Let w be (15 - -55)*1/2. What is the highest common divisor of w and 406?
7
Let k be (4/(-14))/(111/(-6216)). What is the greatest common factor of k and 56?
8
Suppose 2*u - 62*u + 52920 = 0. Calculate the greatest common divisor of 98 and u.
98
Let k(x) = -2*x**2 + 5. Let b be k(0). Suppose -b*w = -4*w - 5. Suppose -4*p + w*z + 45 = 0, 9 - 3 = p + 4*z. Calculate the highest common factor of 20 and p.
10
Let o(g) = g - 10. Let t be o(11). Let b be (126/15)/(t/10). Let k be 16/(-88) - (-466)/22. Calculate the highest common factor of b and k.
21
Let w = -23 + 27. Let a(d) = -d. Let s(k) = -18*k - 3. Let p(i) = 3*a(i) - s(i). Let b be p(w). What is the greatest common factor of 7 and b?
7
Let q = 541 + -537. What is the greatest common divisor of q and 1?
1
Suppose -5*v + 1777 - 327 = -5*k, -3*k - v = 878. Let q = k - -600. What is the highest common divisor of q and 28?
28
Let x(k) = -k - 3. Let v be x(0). Let n = v - -17. Calculate the greatest common factor of 35 and n.
7
Suppose -x + 717 = 2*x. Suppose -r - 57 = -x. What is the greatest common divisor of r and 14?
14
Let y(t) = 44*t - 1115. Let p be y(28). Calculate the greatest common divisor of p and 221.
13
Let u(j) = 2*j**2 + 16*j + 6. Let l be u(-12). Suppose -g - 2*f + f + l = 0, 2*g - 3*f - 194 = 0. What is the greatest common factor of 20 and g?
20
Let k = -505 - -577. Calculate the highest common factor of k and 684.
36
Let z be -15*((-415)/3 - -7) - -1. Calculate the greatest common divisor of z and 27.
27
Let n(f) = f**2 + 16*f - 35. Let x be n(-25). Suppose a = 6*a - x. What is the highest common divisor of 38 and a?
38
Suppose -4*m + 233 = 33. Let i be 103/5 - 6/10. Calculate the highest common factor of m and i.
10
Suppose 0 = v + 59 + 42. Let w = v + 213. Calculate the greatest common divisor of w and 7.
7
Let j(g) = g + 15. Let b be j(-7). Let l = -11 + b. Let w(i) = 3*i**2 + i. Let m be w(l). Calculate the greatest common factor of m and 6.
6
Suppose 326 + 10 = 4*